33541?
3
What is the hundreds digit of 202?
2
What is the hundreds digit of 4476?
4
What is the tens digit of 890?
9
What is the tens digit of 1384?
8
What is the tens digit of 32685?
8
What is the units digit of 844?
4
What is the units digit of 39252?
2
What is the units digit of 24931?
1
What is the units digit of 119?
9
What is the hundreds digit of 1670?
6
What is the tens digit of 9600?
0
What is the thousands digit of 2448?
2
What is the tens digit of 1940?
4
What is the hundreds digit of 1330?
3
What is the hundreds digit of 9208?
2
What is the units digit of 15644?
4
What is the units digit of 96300?
0
What is the hundreds digit of 7388?
3
What is the units digit of 956?
6
What is the hundreds digit of 283?
2
What is the hundreds digit of 1031?
0
What is the tens digit of 3762?
6
What is the units digit of 7352?
2
What is the tens digit of 205?
0
What is the tens digit of 15699?
9
What is the tens digit of 3281?
8
What is the thousands digit of 65463?
5
What is the thousands digit of 19460?
9
What is the units digit of 4698?
8
What is the units digit of 2187?
7
What is the tens digit of 2479?
7
What is the units digit of 2067?
7
What is the tens digit of 10765?
6
What is the thousands digit of 6594?
6
What is the units digit of 380?
0
What is the hundreds digit of 9885?
8
What is the hundreds digit of 927?
9
What is the units digit of 252?
2
What is the hundred thousands digit of 123814?
1
What is the hundreds digit of 65017?
0
What is the tens digit of 1922?
2
What is the tens digit of 3152?
5
What is the units digit of 50341?
1
What is the hundreds digit of 21209?
2
What is the thousands digit of 37057?
7
What is the thousands digit of 41013?
1
What is the hundreds digit of 9225?
2
What is the units digit of 108894?
4
What is the hundreds digit of 1069?
0
What is the hundreds digit of 2604?
6
What is the units digit of 294?
4
What is the hundreds digit of 1302?
3
What is the hundreds digit of 169977?
9
What is the thousands digit of 15549?
5
What is the hundreds digit of 1565?
5
What is the tens digit of 637?
3
What is the hundreds digit of 121988?
9
What is the tens digit of 8173?
7
What is the units digit of 37050?
0
What is the tens digit of 454?
5
What is the tens digit of 1688?
8
What is the thousands digit of 164712?
4
What is the tens digit of 4545?
4
What is the ten thousands digit of 57587?
5
What is the hundreds digit of 27757?
7
What is the tens digit of 10555?
5
What is the hundreds digit of 1154?
1
What is the hundreds digit of 38223?
2
What is the tens digit of 8236?
3
What is the tens digit of 507?
0
What is the units digit of 20427?
7
What is the hundreds digit of 7985?
9
What is the units digit of 1299?
9
What is the tens digit of 10259?
5
What is the hundreds digit of 6897?
8
What is the ten thousands digit of 23260?
2
What is the tens digit of 26278?
7
What is the units digit of 1408?
8
What is the tens digit of 343?
4
What is the units digit of 275?
5
What is the units digit of 1087?
7
What is the thousands digit of 94387?
4
What is the tens digit of 4449?
4
What is the hundreds digit of 46062?
0
What is the tens digit of 6765?
6
What is the tens digit of 13776?
7
What is the tens digit of 2635?
3
What is the thousands digit of 2248?
2
What is the ten thousands digit of 30424?
3
What is the units digit of 3187?
7
What is the ten thousands digit of 30708?
3
What is the units digit of 5010?
0
What is the tens digit of 3575?
7
What is the tens digit of 581?
8
What is the tens digit of 866?
6
What is the thousands digit of 4041?
4
What is the units digit of 7828?
8
What is the ten thousands digit of 25935?
2
What is the hundreds digit of 6186?
1
What is the hundreds digit of 2565?
5
What is the thousands digit of 35939?
5
What is the hundreds digit of 7481?
4
What is the thousands digit of 73997?
3
What is the tens digit of 430?
3
What is the units digit of 11666?
6
What is the hundreds digit of 740?
7
What is the hundreds digit of 32641?
6
What is the units digit of 666?
6
What is the units digit of 3329?
9
What is the units digit of 43666?
6
What is the hundreds digit of 153?
1
What is the hundreds digit of 521?
5
What is the units digit of 23383?
3
What is the units digit of 2847?
7
What is the tens digit of 2144?
4
What is the tens digit of 57?
5
What is the units digit of 2026?
6
What is the units digit of 908?
8
What is the units digit of 14206?
6
What is the units digit of 21729?
9
What is the hundreds digit of 329?
3
What is the units digit of 6439?
9
What is the ten thousands digit of 18347?
1
What is the units digit of 879?
9
What is the units digit of 3225?
5
What is the thousands digit of 5644?
5
What is the tens digit of 35348?
4
What is the units digit of 16203?
3
What is the units digit of 4937?
7
What is the tens digit of 892?
9
What is the units digit of 12435?
5
What is the tens digit of 326?
2
What is the hundred thousands digit of 115079?
1
What is the ten thousands digit of 38594?
3
What is the hundreds digit of 21099?
0
What is the hundreds digit of 5127?
1
What is the tens digit of 1008?
0
What is the thousands digit of 1275?
1
What is the hundreds digit of 540?
5
What is the hundreds digit of 1112?
1
What is the units digit of 29108?
8
What is the units digit of 3215?
5
What is the ten thousands digit of 18398?
1
What is the hundreds digit of 408?
4
What is the hundreds digit of 22241?
2
What is the tens digit of 12706?
0
What is the hundreds digit of 5879?
8
What is the units digit of 5487?
7
What is the tens digit of 24142?
4
What is the tens digit of 144265?
6
What is the ten thousands digit of 18991?
1
What is the hundreds digit of 11538?
5
What is the hundreds digit of 251?
2
What is the ten thousands digit of 31406?
3
What is the hundreds digit of 356?
3
What is the thousands digit of 25904?
5
What is the hundreds digit of 1184?
1
What is the ten thousands digit of 26756?
2
What is the tens digit of 1952?
5
What is the thousands digit of 1033?
1
What is the units digit of 3637?
7
What is the units digit of 78630?
0
What is the units digit of 1845?
5
What is the units digit of 9670?
0
What is the units digit of 8340?
0
What is the units digit of 6888?
8
What is the thousands digit of 2321?
2
What is the ten thousands digit of 17745?
1
What is the units digit of 655?
5
What is the units digit of 3949?
9
What is the hundreds digit of 37268?
2
What is the ten thousands digit of 72948?
7
What is the hundreds digit of 3521?
5
What is the tens digit of 860?
6
What is the hundreds digit of 760?
7
What is the units digit of 3440?
0
What is the hundreds digit of 20012?
0
What is the tens digit of 2360?
6
What is the thousands digit of 1567?
1
What is the hundreds digit of 309?
3
What is the hundreds digit of 1594?
5
What is the units digit of 98349?
9
What is the tens digit of 11667?
6
What is the thousands digit of 1276?
1
What is the tens digit of 47375?
7
What is the hundreds digit of 42765?
7
What is the hundreds digit of 4208?
2
What is the tens digit of 2635?
3
What is the units digit of 5717?
7
What is the units digit of 691?
1
What is the hundreds digit of 5939?
9
What is the units digit of 1983?
3
What is the tens digit of 334?
3
What is the thousands digit of 99637?
9
What is the thousands digit of 3851?
3
What is the tens digit of 1008?
0
What is the tens digit of 32091?
9
What is the tens digit of 157788?
8
What is the tens digit of 105264?
6
What is the units digit of 5780?
0
What is the tens digit of 4790?
9
What is the thousands digit of 1229?
1
What is the tens digit of 1315?
1
What is the ten thousands digit of 11957?
1
What is the hundreds digit of 4511?
5
What is the units digit of 27752?
2
What is the thousands digit of 54989?
4
What is the units digit of 68?
8
What is the tens digit of 74899?
9
What is the hundreds digit of 5609?
6
What is the hundreds digit of 11902?
9
What is the hundreds digit of 94887?
8
What is the hundreds digit of 3045?
0
What is the units digit of 1702?
2
What is the thousands digit of 4269?
4
What is the hundreds digit of 5617?
6
What is the units digit of 6560?
0
What is the thousands digit of 24497?
4
What is the hundreds digit of 12589?
5
What is the thousands digit of 22395?
2
What is the units digit of 3017?
7
What is the thousands digit of 